Give w(64).
-86
Let j(h) = -500*h**3 + 6497*h**2 + 45*h - 87. Determine j(13).
-9
Let r(f) = 1122*f + 107734. Determine r(-96).
22
Let w(n) = n**3 + 8*n**2 - 937*n + 5815. Calculate w(7).
-9
Let m(x) = -2*x**2 + 38945*x + 311670. What is m(-8)?
-18
Let u(z) = -939*z + 43640. What is u(45)?
1385
Let p(w) = 304*w - 572. Calculate p(20).
5508
Let t(r) = 43000*r + 86123. Calculate t(-2).
123
Let d(y) = 3*y**3 - 43*y**2 + 46*y - 98. Determine d(13).
-176
Let c(m) = -m**3 - 195*m**2 + 5594*m - 8101. Give c(24).
11
Let i(d) = 7881*d + 63015. What is i(-8)?
-33
Let l(t) = 6*t**2 - 3813*t - 86761. Give l(-22).
29
Let l(f) = 8*f**2 - 708*f - 194929. Determine l(-118).
7
Let w(m) = 2124*m + 40358. Determine w(-19).
2
Let q(v) = v**2 - 240*v + 11620. Give q(56).
1316
Let a(r) = 130496*r - 521917. What is a(4)?
67
Let c(p) = -4*p - 380. Determine c(-78).
-68
Let j(n) = n**3 + 103*n**2 + 752*n + 35537. Determine j(-99).
293
Let y(l) = 121*l**3 - l**2 - 2*l - 1. What is y(-1)?
-121
Let q(d) = -27*d - 935. Determine q(-31).
-98
Let n(i) = -136*i + 17161. What is n(114)?
1657
Let y(s) = -5*s**3 - 103*s**2 - 100*s + 59. What is y(-19)?
-929
Let v(w) = -161*w - 87415. Calculate v(-543).
8
Let m(i) = 40638*i + 4714009. Give m(-116).
1
Let n(a) = -5435*a - 59554. Calculate n(-11).
231
Let s(n) = -n**3 + 3198*n**2 - 28689*n - 55. Determine s(9).
53
Let d(u) = 10430*u + 104241. Determine d(-10).
-59
Let v(t) = -3*t**3 + 255*t**2 - 251*t + 187. Give v(84).
271
Let p(s) = -3*s**3 + 51*s**2 + 110*s - 62. Determine p(19).
-138
Let g(k) = -k**3 + 3874*k**2 + 70005*k - 922. What is g(-18)?
-4
Let k(w) = -12*w**2 - 2119*w - 1221. What is k(-176)?
11
Let y(f) = 97*f**2 + 179*f - 209. What is y(-4)?
627
Let y(m) = 16*m**3 + 931*m**2 + 207*m + 1947. Determine y(-58).
33
Let s(p) = 5*p**2 + 548*p - 13722. What is s(21)?
-9
Let c(k) = -308*k + 2041. What is c(4)?
809
Let i(g) = 857*g - 33271. Give i(37).
-1562
Let i(t) = 183*t - 1093. Calculate i(7).
188
Let j(b) = -53640*b - 7777801. Give j(-145).
-1
Let r(b) = 1749*b - 1439414. Give r(823).
13
Let u(s) = 363381*s - 13445119. Give u(37).
-22
Let y(z) = z**3 + 68*z**2 - 362*z - 32761. Calculate y(-66).
-157
Let u(m) = 20*m**2 + 1100*m - 180. Determine u(-56).
940
Let o(z) = -13*z**3 - 3*z**2 - 2990*z - 5957. What is o(-2)?
115
Let g(y) = -1098*y + 189942. Calculate g(173).
-12
Let a(g) = -g**3 - 19*g**2 + 16*g + 833. Give a(-13).
-389
Let a(v) = 5336*v - 48460. What is a(9)?
-436
Let n(f) = 955*f + 94568. Determine n(-99).
23
Let i(v) = 3*v**3 - 66*v**2 + 49*v + 176. Calculate i(21).
-118
Let t(v) = 8*v**3 - 223*v**2 - 147*v + 3237. Determine t(28).
-95
Let d(x) = 4781*x - 3341894. Calculate d(699).
25
Let x(m) = -6952*m - 20894. What is x(-3)?
-38
Let z(v) = 4160*v + 87658. What is z(-21)?
298
Let f(v) = 7*v**2 - 951*v + 16900. Give f(20).
680
Let p(h) = h**3 + 170*h**2 - 9*h - 1301. Give p(-170).
229
Let a(y) = -y**2 + 3631*y - 444995. What is a(127)?
13
Let c(u) = -2*u**2 + 38727*u + 309940. Give c(-8).
-4
Let g(n) = -2704*n - 8806. Calculate g(-3).
-694
Let s(n) = -n**2 - 1337*n - 179107. Calculate s(-151).
-21
Let p(x) = -189*x**3 - 1706*x**2 + 30*x + 161. Calculate p(-9).
-514
Let c(b) = -219*b**2 - 333*b + 334. Calculate c(1).
-218
Let b(g) = 6*g**2 - 75*g - 75. Determine b(16).
261
Let w(r) = -328*r + 32. What is w(4)?
-1280
Let q(l) = l**3 - 123*l**2 - 638*l - 113. Determine q(128).
143
Let r(s) = 343*s - 90434. Give r(264).
118
Let s(d) = -d**3 + d**2 - 87*d + 285. What is s(3)?
6
Let v(r) = 5*r**2 - 33347*r - 2. Determine v(0).
-2
Let p(q) = 13*q**2 - q + 61. What is p(5)?
381
Let l(t) = -t**3 + 7*t**2 + 107*t - 51. Give l(-7).
-114
Let i(s) = 3*s**3 + 44*s - 206. Determine i(3).
7
Let x(g) = g**3 - 88*g**2 - 369*g + 3901. Calculate x(5).
-19
Let d(g) = -682*g**2 - 4754*g + 90. Give d(-7).
-50
Let r(k) = k**3 + 333*k**2 - 1346*k + 694. What is r(-337)?
20
Let s(w) = 23*w**2 - 106*w - 140. Determine s(-1).
-11
Let w(o) = 5*o**3 - 207*o**2 + 103*o - 828. Determine w(41).
33
Let z(j) = -j**3 + 397*j**2 + 1065*j + 53970. What is z(400)?
-30
Let g(w) = 1117*w + 16737. What is g(-15)?
-18
Let c(q) = 3*q**3 - 464*q + 1. What is c(-12)?
385
Let f(n) = -3*n**2 - 669*n - 37172. Give f(-105).
-2
Let h(r) = 2*r**3 + 56*r**2 + 280*r + 20. Calculate h(-22).
-332
Let z(b) = 2*b**3 + 62*b**2 - 204*b - 8880. Determine z(-30).
-960
Let l(r) = 2*r**3 + 28*r**2 + 3*r - 1035. What is l(0)?
-1035
Let p(s) = 3*s**2 - 82196*s + 82194. Give p(1).
1
Let n(p) = -4*p**2 - 70*p + 515. Calculate n(-30).
-985
Let j(s) = 32880*s - 164677. Calculate j(5).
-277
Let g(b) = 128*b**2 + 23322*b + 4769. Give g(-182).
37
Let o(p) = -2*p**3 - 10*p**2 + 2514*p - 206. Calculate o(33).
-8
Let l(z) = -46844*z - 187382. Determine l(-4).
-6
Let m(r) = -53*r**2 + 203*r + 198. Calculate m(-1).
-58
Let v(m) = m**3 + 17*m**2 - 1942*m - 30989. Give v(-16).
339
Let h(a) = a**2 - 717*a + 65277. Give h(107).
7
Let l(i) = 3*i**2 - 1133*i - 27646. Give l(-23).
0
Let k(u) = -u**2 + 65*u + 2792. Give k(92).
308
Let o(b) = 11692*b + 128577. What is o(-11)?
-35
Let u(d) = 92*d**2 + 4063*d + 655. Determine u(-44).
-5
Let u(p) = 127314*p + 5601827. What is u(-44)?
11
Let l(k) = 355*k**2 - 7811*k + 12. What is l(22)?
-10
Let k(p) = 28790*p + 57576. What is k(-2)?
-4
Let x(c) = 142*c**2 + 2734*c + 670. Calculate x(-19).
-14
Let j(h) = -4491*h + 54105. Give j(12).
213
Let z(o) = -o**2 - 156*o + 27359. What is z(-255)?
2114
Let t(w) = -w**3 - 81*w**2 + 908*w + 179. Calculate t(-91).
361
Let p(j) = 2*j**3 + 84*j**2 + 12*j + 64. Determine p(-42).
-440
Let t(j) = -50*j - 3255. Give t(-111).
2295
Let w(d) = d**3 - 21*d**2 - 521*d - 156. Give w(-13).
871
Let u(q) = -2*q**3 + 626*q**2 - 615*q - 2812. Give u(312).
-4
Let f(p) = -42*p**2 + 1481*p - 11212. What is f(11)?
-3
Let x(v) = v**3 + 132*v**2 + 328*v - 6414. Determine x(-129).
1197
Let q(t) = 129*t**2 - 38975*t + 5128. What is q(302)?
-6
Let w(v) = -119319*v + 715927. Calculate w(6).
13
Let h(x) = 46*x**2 + 144*x - 4. Calculate h(-3).
-22
Let o(l) = -l**2 - 111*l - 1170. Determine o(-91).
650
Let f(n) = -n**2 + 1315*n - 151926. Give f(128).
10
Let s(m) = 6*m**2 + 275877*m + 1103463. What is s(-4)?
51
Let y(c) = -2*c**2 + 1516*c - 16407. What is y(11)?
27
Let d(f) = -36889*f - 36864. What is d(-1)?
25
Let u(v) = 49*v**2 + 298*v - 28. What is u(-6)?
-52
Let u(o) = 39*o**2 - 428*o - 2612. What is u(-6)?
1360
Let u(z) = -133*z + 2198. Give u(12).
602
Let w(r) = 3*r**3 + 6*r**2 + 64*r - 455. Calculate w(7).
1316
Let u(k) = k**3 + 30*k**2 + 330*k + 1705. Determine u(-16).
9
Let h(a) = 2*a**2 + 208*a + 1619. Calculate h(-92).
-589
Let n(q) = -3276*q**2 - 203114*q - 115. Give n(-62).
9
Let h(d) = -d**3 + 435*d**2 - 7109*d - 7. What is h(17)?
-58
Let a(y) = -y**3 + 87*y**2 - 5*y - 308. Give a(87).
-743
Let w(s) = 7*s**3 + 480*s**2 - 199*s + 553. Determine w(-69).
1
Let j(s) = 23817*s - 119088. What is j(5)?
-3
Let d(s) = -3*s**2 + 151316*s + 1664816. Determine d(-11).
-23
Let h(r) = 7*r**2 - 1105*r - 15982. Determine h(171).
-250
Let u(p) = -62*p - 2815. Determine u(-74).
1773
Let g(u) = 275*u**2 - 814*u + 117. What is g(5)?
2922
Let r(f) = -2*f**3 - 208*f**2 - 817*f - 3323. Calculate r(-100).
-1623
Let v(n) = -n**2 + 344*n + 26941. Give v(-66).
-119
Let j(r) = -104*r + 21046. Give j(194).
870
Let r(t) = -2*t**3 + 5*t**2 - 45*t - 32. Calculate r(6).
-554
Let p(v) = -95030*v - 950296. Calculate p(-10).
4
Let k(c) = 1547*c - 531806. Determine k(344).
362
Let c(p) = -p**3 - 11*p**2 + 230*p + 108. What is c(11)?
-24
Let f(y) = 95764*y + 287280. Determine f(-3).
-12
Let w(l) = -5*l**2 - 254*l - 1583. Give w(-42).
265
Let s(j) = -3*j**2 - 103475*j - 2068311. Determine s(-20).
-11
Let r(p) = 35985*p + 179492. Determine r(-5).
-433
Let b(p) = p**3 + 4*p**2 - 10773*p - 3930. What is b(102)?
48
Let z(a) = -12*a**2 + 24*a + 9389. Determine z(29).
-7
Let z(o) = 5276*o + 3139182. What is z(-595)?
-38
Let v(i) = -4*i**3 + 32*i**2 + 945*i - 5962. Calculate v(6).
-4
Let f(u) = 6*u**3 + 49*u**2 + 138*u - 10. Determine f(-4).
-162
Let k(v) = v**2 - 43*v - 421. Calculate k(-8).
-13
Let o(y) = 94*y**2 + 2809*y - 291. What is o(-30)?
39
Let y(d) = -37*d**2 + 320*d + 30. Calculate y(8).
222
Let b(x) = x**3 - 568*x**2 - 957*x - 104299. Determine b(570).
11
Let